s of h.
5
Suppose 4*w + i + 2 - 767 = 0, -3*i = -w + 201. What are the prime factors of w?
2, 3
Let r(k) = -3 - 3*k + 0 + 2*k**2 + 1. List the prime factors of r(3).
7
Suppose -8*w + f + 499 = -3*w, 395 = 4*w - 5*f. List the prime factors of w.
2, 5
Suppose r = -3*b + 127, 5*r - 2*b - 434 = 218. What are the prime factors of r?
2, 5, 13
Let x(o) = -o**3 - 2*o**2 + 5*o. What are the prime factors of x(-4)?
2, 3
Let m(l) = l**2 + l + 20. Let k be 4/(-12) + 2/6. List the prime factors of m(k).
2, 5
Suppose 3*g - 7*g = -52. What are the prime factors of g?
13
Suppose 4*w = 3*n + 7, w - 2*n - 8 = -0. Let v(p) = -5*p - 2. What are the prime factors of v(w)?
2
Suppose 9*j = 3*j + 516. List the prime factors of j.
2, 43
Suppose -5*q - t = -0*t - 258, 2*t + 160 = 3*q. List the prime factors of q.
2, 13
Let m(c) = -c**3 - c**2 + 3*c + 1. Let r be m(-3). Suppose 5*h = 3*h + r. List the prime factors of h.
5
Suppose -d - 3*d = -92. List the prime factors of d.
23
Let k = 5 - 3. Suppose -k*m - m = -6. List the prime factors of m.
2
Let n(l) = -4 + 2*l - 3*l + 13. Let o be n(4). Let b(f) = 2*f + 7. List the prime factors of b(o).
17
Suppose 487 = -5*z + 1472. List the prime factors of z.
197
Suppose -3*c - t + 0*t = -12, 0 = -2*t. Suppose 0 = -z + 4*h + 19, -h = c*z - 23 - 36. List the prime factors of z.
3, 5
Suppose -q - 4 + 1 = 0. Let k(i) be the first derivative of -i**2/2 - 1. List the prime factors of k(q).
3
Let l be 3/12 + 9/(-4). Let s be l*((-51)/6 - 0). Let k = s + -5. What are the prime factors of k?
2, 3
Let l(s) = 3*s + 39. What are the prime factors of l(16)?
3, 29
Let m(q) = -2*q - 6. Let b be m(-5). What are the prime factors of 1 + (b/2 - -1)?
2
Let k = 8 + -5. Suppose 4 = -j, 0*a - 12 = -4*a + k*j. Suppose c + 4*c - 60 = a. List the prime factors of c.
2, 3
Let c = 18 - 45. Suppose 2*l - 28 = -p, 7*p + 3*l - 69 = 4*p. What are the prime factors of (-6)/c + 140/p?
2
Suppose -4*i = 2 - 30. Suppose -4*k + 5*a - a = -4, 5*k - 3*a = i. Suppose -4*u + 74 = -k*w, 0 = 3*u - 2*w - w - 57. List the prime factors of u.
2, 3
Let m = -56 + 35. Let k = -7 - m. What are the prime factors of k?
2, 7
Let r = -20 + 59. Let m = 65 - r. What are the prime factors of m?
2, 13
Let d = -15 + 20. Suppose -f + 6*f - s - 80 = 0, -d*s = -25. List the prime factors of f.
17
Let w(q) be the second derivative of q**4/2 + q**3/3 + q**2 - q. Let o be w(-3). List the prime factors of o/8 + 7/(-28).
2, 3
Suppose -4*f + 25 = f. Let i = 0 + f. Suppose -16 = -i*l + 39. What are the prime factors of l?
11
Suppose 31*n + 206 = 32*n. What are the prime factors of n?
2, 103
Suppose 58 = 2*g - 4*f, 38 = 2*g - 0*g + f. List the prime factors of g.
3, 7
Let p(s) = -3*s - 3. Let a be p(-3). Let o(q) = a - 3*q - 6. What are the prime factors of o(-2)?
2, 3
Let o be 1/(-1 + 0) - -4. Suppose 0 = -o*r - 3*v + 9, 2*v + 5 = v. Let f = 12 - r. What are the prime factors of f?
2
Suppose 3*l + 100 = -2*v + 305, 83 = v - 5*l. List the prime factors of v.
2, 7
Let p(s) = 21*s. Let w(y) = -y**3 - 12*y**2 - y - 11. Let d be w(-12). What are the prime factors of p(d)?
3, 7
Let q = 33 - -32. List the prime factors of q.
5, 13
Suppose 4*c + 12 + 28 = 0. List the prime factors of 221/85 + 6/c.
2
Let o(u) be the third derivative of u**6/120 - u**5/20 - u**4/8 - 2*u**3/3 - 2*u**2. Let j be o(4). List the prime factors of (0 + j - 0) + 2.
2
Suppose -2*k + 0 + 4 = 0. Let l(w) = 0*w + k + 3*w - 4. List the prime factors of l(4).
2, 5
List the prime factors of 232 - (2/(-1))/1.
2, 3, 13
List the prime factors of (11025/(-196))/((-2)/8).
3, 5
Let v(m) = 3*m + 11. Let u(i) = 2*i + 7. Let x(j) = -8*u(j) + 5*v(j). Let c be x(1). What are the prime factors of (c/(-2))/(1/12)?
2, 3
Let d(u) = u**3 + 11*u**2 - 4*u - 1. What are the prime factors of d(-11)?
43
Let n(z) = -44*z + 3. What are the prime factors of n(-6)?
3, 89
Suppose 3*g + 168 = 5*n, 0 = -4*g - 3*n - 382 + 129. Let u = g - -104. List the prime factors of u.
43
Let z = -8 + 19. Let p = z - 22. Let y = 30 + p. What are the prime factors of y?
19
Let d(q) = -q + 38. What are the prime factors of d(17)?
3, 7
Let a = -1 + 3. Suppose a*t + 40 = -2*x + 5*x, 0 = 2*x + 5*t + 5. List the prime factors of x.
2, 5
Suppose 2*k + 2*i + 6 = 0, 8 = -2*k - 2*k - 3*i. Suppose k - 3 = -d. What are the prime factors of (1 - d) + (2 - -1)?
2
Suppose -6*b = -11 - 7. List the prime factors of (2 - b)*0 - -19.
19
Let a(r) = r**3 + 4*r**2 - 4*r - 1. Let g be a(-5). List the prime factors of ((-84)/(-8))/(g/(-8)).
2, 7
Let n(h) = 4*h**2 - 4*h + 7. Let r be (36/30)/(4/10). What are the prime factors of n(r)?
31
Let c(r) = -2*r - 5. Let y be 3/((-6)/10)*-3. Suppose y = -5*w - 30. What are the prime factors of c(w)?
13
Suppose -4*q + 52 = -s - 4*s, 5*q - 15 = 0. Let a(b) = -3*b - 9. What are the prime factors of a(s)?
3, 5
Suppose 3*c + 2*c = -10, 5*a - 4*c = -12. Let i be (-2 + -1)*a/6. What are the prime factors of (2/(-3))/(i/(-18))?
2, 3
Let m = -7 - -12. Suppose -m*f + s + 29 = -33, 4 = f + 4*s. Suppose j + 0 = f. What are the prime factors of j?
2, 3
Suppose 0 = -4*p - 16, -r - 4*p - 1 = 12. Suppose r*h = 20 + 34. What are the prime factors of h?
2, 3
Suppose -4*m = -90 - 38. Suppose 0 = 4*j - 4*p + 36 + 28, 3*j + m = -p. List the prime factors of (-292)/(-24) - (-2)/j.
2, 3
Let s(d) = -d**3 - 7*d**2 + 5*d + 22. What are the prime factors of s(-9)?
139
Let b be (-3)/((-36)/(-8) + -3). Suppose 4*r = 30 + 34. Let d = b + r. What are the prime factors of d?
2, 7
Let w = 11 + -5. What are the prime factors of w?
2, 3
What are the prime factors of (-2 - (-1 + -18))/1 - 3?
2, 7
Suppose -7*h + 6*h = 23. Let r = -16 - h. List the prime factors of r.
7
Let z = -162 - -380. What are the prime factors of z?
2, 109
Let d = -11 + 42. List the prime factors of d.
31
Suppose -40 + 10 = -5*x. Suppose 2*h - x = -0. What are the prime factors of h?
3
Let r(f) = -2*f - 1. Let j be r(-1). Let k = 7 + j. List the prime factors of k/2 - -1*2.
2, 3
Suppose -2*w - 5*j - 22 = 0, 11 = 2*w + 3*w - 4*j. Let c(g) = -4*g - 1. Let v be c(w). Suppose 0*h + v*b = h + 3, b + 13 = 5*h. List the prime factors of h.
3
Suppose 14 = 3*a - 1, -4*a + 28 = 2*k. Suppose -k = -d - x, -2*d = -6*d - 5*x + 13. List the prime factors of d.
7
Let n be 4/(-18) - (-4)/18. Suppose n = 5*l - 7*l + 46. List the prime factors of l.
23
Let o(r) = r**3 + r**2 - 2*r - 3. Let w be o(-2). List the prime factors of -3 - 17*3/w.
2, 7
Suppose 2*c - 3*c + 4 = 0. Suppose -2*i - 28 = -c*i. List the prime factors of i.
2, 7
Let h(j) = -15*j**3 + j**2. Let b be h(1). Let g = 29 - b. Suppose 5*i - g = 27. List the prime factors of i.
2, 7
Let y(a) = 13*a + 1. Let v be y(3). Let m = 9 - -33. Suppose -h - v = -5*x, 5*h = -x + m - 8. What are the prime factors of x?
3
Let p(o) = -7*o - 2. Let w be p(-1). Suppose l = y - 2*l - 42, -w*y + 160 = -5*l. What are the prime factors of y?
3
Let s(v) = v**2 - 4*v - 2. Let a be s(3). Let j = -4 - a. What are the prime factors of j - 3 - (-1 + -4)?
3
Let p = -1 + 28. Suppose 0 = -2*a - 3 - p. Let c = -11 - a. What are the prime factors of c?
2
Suppose v - 3 = 15. Suppose 5*y - c - v = 0, 3*y - y = -c + 3. List the prime factors of 34/6 - (-1)/y.
2, 3
Suppose 0 = z - 3*g + 1, -z + 4*z + 14 = -2*g. List the prime factors of (-1)/z - (-220)/16.
2, 7
Suppose 5*t = 2*j - 7*j + 80, -65 = -4*j - 5*t. List the prime factors of j.
3, 5
Suppose -4*f = -67 - 1. What are the prime factors of f?
17
Suppose 0 = c - 33 + 3. List the prime factors of c.
2, 3, 5
Let i = -5 - -9. What are the prime factors of ((-54)/i)/((-8)/16)?
3
Let z = -1 - -5. Suppose z*b - b = -30. Let a = -7 - b. List the prime factors of a.
3
Let j = 1 + 2. Suppose 18 = j*s + 3. What are the prime factors of s?
5
Let t be 6*(1 - 4/(-8)). Suppose t = -y + 4*y. What are the prime factors of y?
3
Let m(o) = 3*o**3 - 3*o**2 - 3*o + 7. What are the prime factors of m(4)?
139
Suppose d - 3*r - 2*r = 196, 5*r - 528 = -3*d. What are the prime factors of d?
181
Let x = 5 + 16. What are the prime factors of x?
3, 7
What are the prime factors of 6*5/((-20)/(-22))?
3, 11
Suppose 5*y = -4*a + 543, -3*y + a = 5*a - 321. List the prime factors of y.
3, 37
Let i = 57 + -40. List the prime factors of i.
17
Suppose 4*s = -2*n - 30, -2*n - 7 = s - n. Let l = 